s divided by 78?
77
Calculate the remainder when 2832 is divided by 142.
134
Calculate the remainder when 54120 is divided by 532.
388
What is the remainder when 5107 is divided by 105?
67
What is the remainder when 8560 is divided by 54?
28
Calculate the remainder when 16731 is divided by 15803.
928
What is the remainder when 250390 is divided by 13?
10
Calculate the remainder when 2263907 is divided by 12.
11
Calculate the remainder when 1672731 is divided by 14.
11
Calculate the remainder when 7748 is divided by 1539.
53
What is the remainder when 24419 is divided by 6081?
95
What is the remainder when 12204 is divided by 2033?
6
What is the remainder when 11813 is divided by 5881?
51
Calculate the remainder when 23811 is divided by 335.
26
What is the remainder when 31048 is divided by 27?
25
What is the remainder when 193757 is divided by 10197?
14
What is the remainder when 3346 is divided by 3335?
11
What is the remainder when 1637 is divided by 40?
37
What is the remainder when 11995 is divided by 500?
495
What is the remainder when 696 is divided by 323?
50
What is the remainder when 401 is divided by 33?
5
Calculate the remainder when 83045 is divided by 56.
53
What is the remainder when 118860 is divided by 26?
14
What is the remainder when 383 is divided by 184?
15
What is the remainder when 844037 is divided by 8?
5
What is the remainder when 67984 is divided by 167?
15
What is the remainder when 5223 is divided by 2502?
219
Calculate the remainder when 277045 is divided by 15.
10
Calculate the remainder when 6814 is divided by 105.
94
Calculate the remainder when 10271 is divided by 239.
233
Calculate the remainder when 161235 is divided by 20.
15
What is the remainder when 1653 is divided by 407?
25
Calculate the remainder when 1690110 is divided by 44.
26
What is the remainder when 18882 is divided by 17?
12
What is the remainder when 832 is divided by 460?
372
What is the remainder when 1288 is divided by 138?
46
What is the remainder when 187453 is divided by 46855?
33
What is the remainder when 711 is divided by 173?
19
What is the remainder when 2966 is divided by 56?
54
What is the remainder when 12133 is divided by 74?
71
Calculate the remainder when 64339 is divided by 15.
4
Calculate the remainder when 4456 is divided by 296.
16
Calculate the remainder when 942 is divided by 311.
9
Calculate the remainder when 8345 is divided by 17.
15
What is the remainder when 26489 is divided by 148?
145
What is the remainder when 19252 is divided by 6?
4
What is the remainder when 23727 is divided by 81?
75
What is the remainder when 10923 is divided by 2728?
11
What is the remainder when 56988 is divided by 56974?
14
What is the remainder when 1890 is divided by 1212?
678
Calculate the remainder when 34800 is divided by 79.
40
What is the remainder when 15208 is divided by 33?
28
What is the remainder when 209026 is divided by 104?
90
What is the remainder when 4698 is divided by 431?
388
Calculate the remainder when 4739 is divided by 11.
9
What is the remainder when 170972 is divided by 38?
10
Calculate the remainder when 903 is divided by 412.
79
Calculate the remainder when 121345 is divided by 196.
21
What is the remainder when 46827 is divided by 15609?
0
What is the remainder when 8380 is divided by 2086?
36
Calculate the remainder when 1140219 is divided by 544.
539
Calculate the remainder when 23862 is divided by 226.
132
What is the remainder when 96637 is divided by 2928?
13
What is the remainder when 45870 is divided by 258?
204
What is the remainder when 71377 is divided by 590?
577
Calculate the remainder when 75738 is divided by 23.
22
Calculate the remainder when 8207 is divided by 7.
3
Calculate the remainder when 57869 is divided by 19.
14
What is the remainder when 2081 is divided by 144?
65
Calculate the remainder when 5951 is divided by 370.
31
Calculate the remainder when 9566 is divided by 141.
119
What is the remainder when 10407 is divided by 21?
12
What is the remainder when 74071 is divided by 24579?
334
What is the remainder when 1109 is divided by 563?
546
What is the remainder when 4209071 is divided by 56?
55
Calculate the remainder when 30969 is divided by 10218.
315
Calculate the remainder when 152 is divided by 139.
13
Calculate the remainder when 571 is divided by 198.
175
What is the remainder when 2383 is divided by 2374?
9
What is the remainder when 903468 is divided by 167?
165
What is the remainder when 307230 is divided by 5390?
0
Calculate the remainder when 3710 is divided by 314.
256
What is the remainder when 2890 is divided by 144?
10
Calculate the remainder when 8132 is divided by 744.
692
Calculate the remainder when 626 is divided by 333.
293
What is the remainder when 6007 is divided by 5869?
138
Calculate the remainder when 546 is divided by 414.
132
Calculate the remainder when 2657 is divided by 690.
587
Calculate the remainder when 36645 is divided by 18297.
51
Calculate the remainder when 9586804 is divided by 308.
304
What is the remainder when 31294 is divided by 15?
4
Calculate the remainder when 23816 is divided by 1079.
78
What is the remainder when 52224 is divided by 22?
18
Calculate the remainder when 5797 is divided by 261.
55
Calculate the remainder when 1718919 is divided by 490.
489
Calculate the remainder when 97422 is divided by 546.
234
Calculate the remainder when 25377 is divided by 25371.
6
Calculate the remainder when 3469 is divided by 39.
37
What is the remainder when 1530 is divided by 71?
39
What is the remainder when 6338 is divided by 1926?
560
What is the remainder when 2674 is divided by 2229?
445
Calculate the remainder when 717 is divided by 355.
7
What is the remainder when 7638 is divided by 54?
24
Calculate the remainder when 2502 is divided by 1488.
1014
Calculate the remainder when 104136 is divided by 21.
18
What is the remainder when 239869 is divided by 123?
19
Calculate the remainder when 72599 is divided by 567.
23
Calculate the remainder when 1444 is divided by 287.
9
Calculate the remainder when 8709 is divided by 44.
41
Calculate the remainder when 11454 is divided by 70.
44
What is the remainder when 13190 is divided by 9?
5
What is the remainder when 16179 is divided by 169?
124
Calculate the remainder when 17409 is divided by 5789.
42
Calculate the remainder when 1743 is divided by 1421.
322
Calculate the remainder when 23733 is divided by 1026.
135
What is the remainder when 21355 is divided by 200?
155
Calculate the remainder when 58168 is divided by 10.
8
What is the remainder when 29844 is divided by 70?
24
What is the remainder when 24769 is divided by 24495?
274
Calculate the remainder when 377597 is divided by 305.
7
What is the remainder when 673793 is divided by 123?
122
What is the remainder when 4375 is divided by 257?
6
Calculate the remainder when 4202 is divided by 864.
746
What is the remainder when 17780 is divided by 15?
5
What is the remainder when 16830 is divided by 2390?
100
Calculate the remainder when 203770 is divided by 46.
36
Calculate the remainder when 3522 is divided by 811.
278
What is the remainder when 7104 is divided by 5679?
1425
Calculate the remainder when 2334365 is divided by 37.
35
What is the remainder when 208790 is divided by 407?
406
Calculate the remainder when 18484 is divided by 6160.
4
What is the remainder when 26149 is divided by 396?
13
What is the remainder when 1215 is divided by 78?
45
What is the remainder when 2448 is divided by 495?
468
Calculate the remainder when 233968 is divided by 77987.
7
Calculate the remainder when 27096 is divided by 387.
6
Calculate the remainder when 155462 is divided by 77.
76
What is the remainder when 11957 is divided by 20?
17
What is the remainder when 15346 is divided by 352?
210
What is the remainder when 204275 is divided by 25530?
35
Calculate the remainder when 10633 is divided by 2638.
81
Calculate the remainder when 26055 is divided by 2170.
15
Calculate the remainder when 455609 is divided by 15.
14
What is the remainder when 802045 is divided by 409?
405
What is the remainder when 4075 is divided by 1007?
47
Calculate the remainder when 24606 is divided by 547.
538
Calculate the remainder when 6842 is divided by 341.
22
What is the 